{"id":455,"date":"2013-08-07T12:25:32","date_gmt":"2013-08-07T10:25:32","guid":{"rendered":"http:\/\/wp.cycling-family.info\/?page_id=455"},"modified":"2013-09-26T10:01:11","modified_gmt":"2013-09-26T08:01:11","slug":"nord-ostseekanaltour-2004","status":"publish","type":"page","link":"https:\/\/wp.cycling-family.info\/?page_id=455","title":{"rendered":"Nord-\/Ostseekanaltour 2004"},"content":{"rendered":"<p>Wir starteten in den Sommerferien 2004 von Kiel aus um bis Brunsb\u00fcttel am Nord-\/Ostseekanal und ein St\u00fcck dar\u00fcber hinaus bis zur Elbf\u00e4hre eine Kurz tour zu Unternehmen.<br \/>\nDurch eine Panne in str\u00f6menden Regen konnten wir unser Tagesziel nicht erreichen, also wurde durch den freundlichen Hinweis einer Passantin aus dem Zelten unsere erste \u00dcbernachtung im Strohotel mit Fr\u00fchst\u00fcck. ( F\u00fcr Kinder sehr empfehlenswert ). Ein Highlight war auf der Strecke ganz klar die &#8222;\u00dcberfahrt&#8220; mit der Schwebef\u00e4hre in Rendsburg. Immer wieder konnten wir die gro\u00dfen &#8222;P\u00f6tte&#8220; anschauen die an uns vorbei schwammen. Zum Abschluss unserer 4 Tagestour fuhren wir noch mit der Elbf\u00e4hre in Gl\u00fcckstadt. Wo unser &#8222;Materialwagen&#8220; am anderen Ufer schon wartete.<\/p>\nngg_shortcode_0_placeholder\n","protected":false},"excerpt":{"rendered":"<p>Wir starteten in den Sommerferien 2004 von Kiel aus um bis Brunsb\u00fcttel am Nord-\/Ostseekanal und ein St\u00fcck dar\u00fcber hinaus bis zur Elbf\u00e4hre eine Kurz tour zu Unternehmen. Durch eine Panne in str\u00f6menden Regen konnten wir unser Tagesziel nicht erreichen, also &hellip; <a href=\"https:\/\/wp.cycling-family.info\/?page_id=455\">Weiterlesen <span class=\"meta-nav\">&rarr;<\/span><\/a><\/p>\n","protected":false},"author":1,"featured_media":0,"parent":0,"menu_order":0,"comment_status":"closed","ping_status":"closed","template":"","meta":{"ngg_post_thumbnail":0,"jetpack_post_was_ever_published":false,"footnotes":""},"jetpack_shortlink":"https:\/\/wp.me\/P3JTu5-7l","jetpack_sharing_enabled":true,"_links":{"self":[{"href":"https:\/\/wp.cycling-family.info\/index.php?rest_route=\/wp\/v2\/pages\/455"}],"collection":[{"href":"https:\/\/wp.cycling-family.info\/index.php?rest_route=\/wp\/v2\/pages"}],"about":[{"href":"https:\/\/wp.cycling-family.info\/index.php?rest_route=\/wp\/v2\/types\/page"}],"author":[{"embeddable":true,"href":"https:\/\/wp.cycling-family.info\/index.php?rest_route=\/wp\/v2\/users\/1"}],"replies":[{"embeddable":true,"href":"https:\/\/wp.cycling-family.info\/index.php?rest_route=%2Fwp%2Fv2%2Fcomments&post=455"}],"version-history":[{"count":3,"href":"https:\/\/wp.cycling-family.info\/index.php?rest_route=\/wp\/v2\/pages\/455\/revisions"}],"predecessor-version":[{"id":1249,"href":"https:\/\/wp.cycling-family.info\/index.php?rest_route=\/wp\/v2\/pages\/455\/revisions\/1249"}],"wp:attachment":[{"href":"https:\/\/wp.cycling-family.info\/index.php?rest_route=%2Fwp%2Fv2%2Fmedia&parent=455"}],"curies":[{"name":"wp","href":"https:\/\/api.w.org\/{rel}","templated":true}]}}