{"id":2044,"date":"2015-09-01T10:01:54","date_gmt":"2015-09-01T08:01:54","guid":{"rendered":"http:\/\/wp.cycling-family.info\/?page_id=2044"},"modified":"2015-09-01T10:02:47","modified_gmt":"2015-09-01T08:02:47","slug":"emsradweg-2015","status":"publish","type":"page","link":"https:\/\/wp.cycling-family.info\/?page_id=2044","title":{"rendered":"Emsradweg 2015"},"content":{"rendered":"<div class=\"art-postcontent clearfix\">\n<p>Das gr\u00f6\u00dfte Abenteuer an unseren Radtouren, ist ja oft die Anreise zum Startpunkt. Wie schon letztes Jahr wollten wir etwas f\u00fcr unseren \u00d6kologischen Footprint tun und w\u00e4hlten f\u00fcr die Anreise die Bahn. Bis Rheine mit den Regionalexpressen (z.B. Westfahlenbahn) alles kein Problem. T\u00fcr auf, Tandem rein T\u00fcr zu. Auf den Umstiegsbahnh\u00f6fen gibt es mittlerweile sogar Fahrst\u00fchle so das uns auch das nicht mehr abschreckt. Dann kam die original Deutsche Bahn<\/p>\n<ol>\n<li>10 Minuten zu sp\u00e4t<\/li>\n<li>mussten alle Packtaschen runter ( bis auf die Lenkertaschen)<\/li>\n<li>passten wir mit unserem breiten Lenker kaum durch die T\u00fcr<\/li>\n<li>dann mussten wir unser knapp 30 Kg schweres Tandem einen Meter hoch heben um \u00fcberhaupt in das Bahnabteil zu kommen, dann habe ich mir noch den Hosenschutzring vorne verbogen weil das Tandem aufgesetzt hatte \ud83d\ude41<\/li>\n<li>h\u00e4tte man dann auch noch reservieren m\u00fcssen<\/li>\n<\/ol>\n<p>Was lernen wir daraus. Mal eben mit dem Tandem in den Zug hat zwar geklappt, braucht aber doch mehr Vorlauf. Punkt 5 werden wir das n\u00e4chste mal ber\u00fccksichtigen. An den anderen 4 Punkten ist aus unserer Sicht noch viel Luft nach oben und da h\u00e4tten wir der Deutschen Bahn bei der langj\u00e4hrigen \u201eKompetenz\u201c irgendwie doch mehr zugetraut. Gut das wir uns entschieden haben den BoB zu Hause zu lassen, der h\u00e4tte alles nur noch komplizierter gemacht.<\/p>\n<p>Aber nun zum Emsradweg wir kommen am Mittwoch um 13.30 an, bis wir Fahrbereit sind ist es dann 14.00 Uhr. Wir radeln vom Stadtzentrum<\/p>\n<p><img decoding=\"async\" class=\"ngg-singlepic ngg-center aligncenter\" src=\"http:\/\/www.cycling2gether.de\/wp-content\/gallery\/emsradweg_2015\/Emsradweg05.JPG\" alt=\"Emsradweg05\" \/><\/p>\n<p>bis zum Startpunkt des Emsradweges am Hafen von Emden.<\/p>\n<p><img decoding=\"async\" class=\"ngg-singlepic ngg-none aligncenter\" src=\"http:\/\/www.cycling2gether.de\/wp-content\/gallery\/emsradweg_2015\/Emsradweg09.JPG\" alt=\"Emsradweg09\" \/><\/p>\n<p>Dort erz\u00e4hlt uns ein P\u00e4rchen, das gerade fertig ist mit Emsradweg, dass die F\u00e4hre in Petkum heute in der Werft ist und wir dann bis Leer auf der ( Beschreibung der Flussseiten sind immer in Flie\u00dfrichtung) rechten Seite fahren m\u00fcssen. Wir wissen ja nicht wie es auf der anderen Flussseite ist aber hier ist rechts Deich und Links Wiese und bis Leer ist da nicht wirklich viel zu sehen. Also h\u00e4tten wir Kettenschaltung w\u00fcrden wir jetzt Kette rechts und Volldampf machen. Bei unserer Rohloffnabe ist die Kette sowieso rechts und wir lassen es einfach rollen. Leer selbst ist eine sehr sch\u00f6ne Stadt wo wir kurz nach dem Handeslhafen erstmal eine Pause machen.<\/p>\n<p><img decoding=\"async\" class=\"ngg-singlepic ngg-center aligncenter\" src=\"http:\/\/www.cycling2gether.de\/wp-content\/gallery\/emsradweg_2015\/Emsradweg10.JPG\" alt=\"Emsradweg10\" \/><\/p>\n<p>Weiter geht es \u00fcber Wener wo der Emsradweg neben der Bahn \u00fcber eine Br\u00fccke gef\u00fchrt wird, was eine ziemlich enge Geschichte ist mit unseren Packrollen.<\/p>\n<p><img decoding=\"async\" class=\"ngg-singlepic ngg-center\" src=\"http:\/\/www.cycling2gether.de\/wp-content\/gallery\/emsradweg_2015\/Emsradweg11.JPG\" alt=\"Emsradweg11\" \/><\/p>\n<p>Der n\u00e4chst Stopp ist Papenburg an der Meierwerft, wollte ich immer schon einmal vorbei schauen. Zwar l\u00e4uft da gerade kein Schiff vom Stapel aber es liegt doch ein gro\u00dfes Kreuzfahrtschiff vor Anker. so dicht kommt man sonst eher nicht mit Fahrrad an die Ozeanriesen und man staunt wie hoch so ein Pott ist.<\/p>\n<p><img decoding=\"async\" class=\"ngg-singlepic ngg-center\" src=\"http:\/\/www.cycling2gether.de\/wp-content\/gallery\/emsradweg_2015\/Emsradweg13.JPG\" alt=\"Emsradweg13\" \/><\/p>\n<p>Die Stadtdurchfahrt von Papenburg schenken wir uns und fahren weiter auf der rechten Flussseite, \u00fcber Aschendorf\u00a0 bis nach Herbum, wo wir dann auf die Linke Seite wechseln. Auf dem Campingplatz kurz vor Heede machen wir dann f\u00fcr heute Schlu\u00df nach gut 84 Km.<\/p>\n<p>Wir quetschen uns neben das Zelt einer netten Niederl\u00e4nderin, weil der Rest der Wiese eine einzige Berg und Tal Bahn ist. aber wir freuen uns \u00fcber die nette Nachbarschaft und Unterhalten uns \u00fcber den Emsradweg und eine Frage die, die Dame besch\u00e4ftigt ist, warum f\u00e4hrt man blo\u00df Tandem? Eine Antwort ist weil unterschiedlich starke Fahrer immer zusammen ankommen und das findet auch unsere Nachbarin, ist ein guter Grund.<\/p>\n<p>Am n\u00e4chsten morgen starten wir um 9.45 verabschieden uns noch von unserer Radkollegin und fahren weiter an der Ems lang \u00fcber Steinbild, Lathen. Hier f\u00fchrt der Emsradweg f\u00fcr ein paar Kilometer am Dortmund Ems Kanal lang und wir nutzen das einen kurzen Stopp um einfach den Binnenbooten einen Moment zu, zu sehen.<\/p>\n<p><img decoding=\"async\" class=\"ngg-singlepic ngg-center aligncenter\" src=\"http:\/\/www.cycling2gether.de\/wp-content\/gallery\/emsradweg_2015\/Emsradweg14.JPG\" alt=\"Emsradweg14\" \/><\/p>\n<p>Das ganze ist uns dann aber doch eine zu langsame Geschichte und wir holen die Freizeitkapit\u00e4ne dann nach kurzer Zeit wieder ein. Wir fahren weiter bis nach Haaren wo wir erstmal einkaufen. Kurz vor Meppen machen wir dann Mittag als wir fertig sind, sehen wir unsere nette Niederl\u00e4nderin noch einmal wieder. Aber diesmal das letzte Mal. Denn Sie will in Meppen Schlu\u00df machen weil ihr das Wetter zu warm ist. In Meppen treffen wir dann auf einen Abschnitt den wir vom letzten Jahr kennen und wir entscheiden uns entweder diese Strecke zu ver\u00e4ndern wo m\u00f6glich oder das ganze schnell hinter uns zu bringen. Denn die Eindr\u00fccke vom letzten Jahr sind noch zu pr\u00e4sent. Wir bringen diesen Abschnitt z\u00fcgig hinter uns und weichen wo m\u00f6glich auf die Strecke am Dortmund Ems Kanal aus. Abends kommen wir dann nach gut 120 Km in Rheine an. Bl\u00f6d ist nur das auf der Karte ein Campingplatz verzeichnet ist, den es in Wirklichkeit nicht gibt. Aber wir kommen gut und g\u00fcnstig am Wassersportverein in Rheine unter,<\/p>\n<p><img decoding=\"async\" class=\"ngg-singlepic ngg-center aligncenter\" src=\"http:\/\/www.cycling2gether.de\/wp-content\/gallery\/emsradweg_2015\/Emsradweg17.JPG\" alt=\"Emsradweg17\" \/><\/p>\n<p>mit ganz netten Menschen und netten Gespr\u00e4chen.<\/p>\n<p>Bevor wir am n\u00e4chsten Morgen starten, werden wir noch mit einem super Sonnenaufgang belohnt.<\/p>\n<p><img decoding=\"async\" class=\"ngg-singlepic ngg-center aligncenter\" src=\"http:\/\/www.cycling2gether.de\/wp-content\/gallery\/emsradweg_2015\/Emsradweg15.JPG\" alt=\"Emsradweg15\" \/><\/p>\n<p>Wir machen noch eine kurze Besichtigung in Rheine am Emswehr in Rheine<\/p>\n<p><img decoding=\"async\" class=\"ngg-singlepic ngg-center aligncenter\" src=\"http:\/\/www.cycling2gether.de\/wp-content\/gallery\/emsradweg_2015\/Emsradweg18.JPG\" alt=\"Emsradweg18\" \/><\/p>\n<p>Danach rollen wir dann weiter. Es ist das gleiche wie auf allen anderen Touren auch wir schauen uns die Landschaft an, erg\u00e4nzen unsere Vorr\u00e4te (in Emsdetten) und wenn wir irgendwann Hunger kriegen, dann suchen wir uns eine Stelle f\u00fcr eine deftige Brotzeit. Was in diesem Fall in der N\u00e4he vom Josefsee ist Vadrup ist gleich um die Ecke.<\/p>\n<p><img decoding=\"async\" class=\"ngg-singlepic ngg-center aligncenter\" src=\"http:\/\/www.cycling2gether.de\/wp-content\/gallery\/emsradweg_2015\/Emsradweg20.JPG\" alt=\"Emsradweg20\" \/><\/p>\n<p>Dann geht es weiter \u00fcber Telgte wo die Route sch\u00f6n durch den Stadtpark f\u00fchrt und am Haus Langen mit der Wasserm\u00fchle ist Zeit f\u00fcr einen Fotostopp.<\/p>\n<p><img decoding=\"async\" class=\"ngg-singlepic ngg-center aligncenter\" src=\"http:\/\/www.cycling2gether.de\/wp-content\/gallery\/emsradweg_2015\/Emsradweg21.JPG\" alt=\"Emsradweg21\" \/><\/p>\n<p>Danach radeln wir weiter bis Warendorf. Der Campingplatz ist kurz vor dem Ort, so bauen wir unser Zelt auf lassen unser restliches Gep\u00e4ck im Zelt und fahren nach Warendorf rein um f\u00fcr unser Abendbrot ein zu kaufen. Tages Km sind 95.<\/p>\n<p>Am n\u00e4chsten Morgen stehen wir zeitig auf, denn wir wollen heute Nachmittag an den Emsquellen ankommen. Es geht \u00fcber Harsewinkel, Marienfeld und Rheda Wiedenbr\u00fcck weiter. Rheda ist f\u00fcr mich back to the routes, denn hier habe ich mal zwei Jahre gewohnt und ein Teil der Strecke ist mir noch aus Kindertagen sehr vertraut. N\u00e4chster Halt ist Rietberg, ein sch\u00f6nes kleines St\u00e4dtchen mit Schrottkunst<\/p>\n<p><img decoding=\"async\" class=\"ngg-singlepic ngg-center aligncenter\" src=\"http:\/\/www.cycling2gether.de\/wp-content\/gallery\/emsradweg_2015\/Emsradweg22.JPG\" alt=\"Emsradweg22\" \/><\/p>\n<p>und einem sch\u00f6nen Rathaus.<\/p>\n<p><img decoding=\"async\" class=\"ngg-singlepic ngg-center aligncenter\" src=\"http:\/\/www.cycling2gether.de\/wp-content\/gallery\/emsradweg_2015\/Emsradweg24.JPG\" alt=\"Emsradweg24\" \/><\/p>\n<p>Von Rietberg sind es noch gut 25 Km bis H\u00f6velhof, da machen wir bei den 28\u00b0 noch einen Stop in der Eisdiele. als wir nach unseren W\u00fcnschen gefragt werden lautet unsere Bestellung 3 Liter Leitungswasser und 2 Eis. Mit beidem werden wir gut versorgt. Dann machen wir uns an die letzten gut 8 Kilometer bis wir unsere Reise dann an den Emsquellen beenden.<\/p>\n<p><img decoding=\"async\" class=\"ngg-singlepic ngg-center aligncenter\" src=\"http:\/\/www.cycling2gether.de\/wp-content\/gallery\/emsradweg_2015\/Emsradweg26.JPG\" alt=\"Emsradweg26\" \/><\/p>\n<p>Jetzt h\u00e4ngen wir noch 30 Kilometer dran und dann sind wir zu Hause. Damit haben wir dann eine neue Tagesh\u00f6chstleistung aufgestellt mit 140 Km.<\/p>\n<p>&nbsp;<\/p>\n<\/div>\n","protected":false},"excerpt":{"rendered":"<p>Das gr\u00f6\u00dfte Abenteuer an unseren Radtouren, ist ja oft die Anreise zum Startpunkt. Wie schon letztes Jahr wollten wir etwas f\u00fcr unseren \u00d6kologischen Footprint tun und w\u00e4hlten f\u00fcr die Anreise die Bahn. Bis Rheine mit den Regionalexpressen (z.B. Westfahlenbahn) alles &hellip; <a href=\"https:\/\/wp.cycling-family.info\/?page_id=2044\">Weiterlesen <span class=\"meta-nav\">&rarr;<\/span><\/a><\/p>\n","protected":false},"author":1,"featured_media":0,"parent":0,"menu_order":0,"comment_status":"closed","ping_status":"closed","template":"","meta":{"ngg_post_thumbnail":0,"jetpack_post_was_ever_published":false,"footnotes":""},"jetpack_shortlink":"https:\/\/wp.me\/P3JTu5-wY","jetpack_sharing_enabled":true,"_links":{"self":[{"href":"https:\/\/wp.cycling-family.info\/index.php?rest_route=\/wp\/v2\/pages\/2044"}],"collection":[{"href":"https:\/\/wp.cycling-family.info\/index.php?rest_route=\/wp\/v2\/pages"}],"about":[{"href":"https:\/\/wp.cycling-family.info\/index.php?rest_route=\/wp\/v2\/types\/page"}],"author":[{"embeddable":true,"href":"https:\/\/wp.cycling-family.info\/index.php?rest_route=\/wp\/v2\/users\/1"}],"replies":[{"embeddable":true,"href":"https:\/\/wp.cycling-family.info\/index.php?rest_route=%2Fwp%2Fv2%2Fcomments&post=2044"}],"version-history":[{"count":2,"href":"https:\/\/wp.cycling-family.info\/index.php?rest_route=\/wp\/v2\/pages\/2044\/revisions"}],"predecessor-version":[{"id":2046,"href":"https:\/\/wp.cycling-family.info\/index.php?rest_route=\/wp\/v2\/pages\/2044\/revisions\/2046"}],"wp:attachment":[{"href":"https:\/\/wp.cycling-family.info\/index.php?rest_route=%2Fwp%2Fv2%2Fmedia&parent=2044"}],"curies":[{"name":"wp","href":"https:\/\/api.w.org\/{rel}","templated":true}]}}