{"id":1766,"date":"2014-10-29T11:22:26","date_gmt":"2014-10-29T09:22:26","guid":{"rendered":"http:\/\/wp.cycling-family.info\/?page_id=1766"},"modified":"2014-10-29T11:50:23","modified_gmt":"2014-10-29T09:50:23","slug":"hase-ems-tour","status":"publish","type":"page","link":"https:\/\/wp.cycling-family.info\/?page_id=1766","title":{"rendered":"Hase Ems Tour 2014"},"content":{"rendered":"<h1><span style=\"font-family: arial black,avant garde;\"><span style=\"font-size: 16pt; font-family: arial,helvetica,sans-serif; color: #999999;\">Tag 1 Melle bis Bramsche 93 Km<\/span><br \/>\n<\/span><\/h1>\n<p>Nachdem unsere Schottlandreise, dieses Jahr nicht geklappt hat. Und wir mit unseren S\u00f6hnen keinen gemeinsamen Termin f\u00fcr eine Radtour finden konnten. Starten wir unsere Radtour dieses Jahr einmal ganz anders 1. ohne unsere S\u00f6hne und ohne Hund und 2. Fahren wir unser Tandem nicht mit dem Auto irgendwohin oder fahren in einem Rutsch durch von der Haust\u00fcr bis zur ersten \u00dcbernachtungsm\u00f6glichkeit. Nein diesmal wollen wir mit der Bahn bis nach Melle und von dort den Hase Ems Radweg fahren. Bahnfahren so denke ich mit 2 Tandems, geht das \u00fcberhaupt? Aber Erkundigungen bei der Westfahllenbahn haben ergeben das auch Tandems transporiert werden. Vorausgesetzt der Zug ist nicht zu voll. Also Personentransport vor Fahrradtransport. Als wir ca.20 min vor der Ankunft des Zuges am Bahnsteig stehen, sind wir dort fast alleine.<\/p>\n<div style=\"width: 649px\" class=\"wp-caption aligncenter\"><img loading=\"lazy\" decoding=\"async\" class=\"ngg-singlepic ngg-center\" src=\"http:\/\/www.cycling2gether.de\/wp-content\/gallery\/hase-ems-tour-2014\/Hase_Ems_Tour_2014_01.JPG\" alt=\"Hase_Ems_Tour_2014_01\" width=\"639\" height=\"426\" \/><p class=\"wp-caption-text\">Am Detmolder Bahnhof<\/p><\/div>\n<p>Wir konnten die Tandems sogar mit dem Fahrstuhl zum Bahnsteig hoch fahren nicht mal tragen denke ich, super. Also ist Bahnfahren ja doch ganz angenehm. Aber pl\u00f6tzlich wird es voll auf dem Bahnsteig es kommen 2 Schulkassen und ein Kindergarten und dann ist die T\u00fcr, wo wir einsteigen k\u00f6nnen auch noch defekt. Aber wir schaffen es, irgendwie uns mit den Tandems noch rein zu quetschen. Aber bis Herford ist erst mal fahren im Stehen angesagt. Was wenig angenehm ist. Dann einmal Gleis wechseln in Herford in 6 Minuten mit 2 Tandems und Gep\u00e4ck. Wir verzichten auf den Fahrstuhl und schaffen es wirklich den Anschlusszug zu erreichen. Auf einmal Bahn fahren ganz anders. Leerer Zug und Platz f\u00fcr die Tandems und endlich freie Sitzpl\u00e4tze.<\/p>\n<div style=\"width: 650px\" class=\"wp-caption aligncenter\"><img loading=\"lazy\" decoding=\"async\" class=\"ngg-singlepic ngg-center\" src=\"http:\/\/www.cycling2gether.de\/wp-content\/gallery\/hase-ems-tour-2014\/Hase_Ems_Tour_2014_02.JPG\" alt=\"Hase_Ems_Tour_2014_02\" width=\"640\" height=\"426\" \/><p class=\"wp-caption-text\">Abenteur Bahnfahren mit 2 Tandems<\/p><\/div>\n<p>In Melle einfach aussteigen und die Tourvorbereitungen abschlie\u00dfen. Lieber Leser du merkst schon das gr\u00f6\u00dfte Abenteuer liegt jetzt schon hinter uns, Bahnfahren mit 2 Tandems kann einfach ganz unterschiedlich sein.<\/p>\n<div style=\"width: 649px\" class=\"wp-caption aligncenter\"><img loading=\"lazy\" decoding=\"async\" class=\"ngg-singlepic ngg-none\" src=\"http:\/\/www.cycling2gether.de\/wp-content\/gallery\/hase-ems-tour-2014\/Hase_Ems_Tour_2014_03.JPG\" alt=\"Hase_Ems_Tour_2014_03\" width=\"639\" height=\"426\" \/><p class=\"wp-caption-text\">Am Bahnhof in Melle<\/p><\/div>\n<p>Wir starten am Bahnhof in Melle und die Karte sagt 6 Km bis Routenbeginn. Aber wie das mit Karten manchmal so ist. Es stimmt nicht alles, und es sind 18 Km, bis wir da sind, wo die Hase Ems Tour startet. Als wir am Anfang der Route ankommen, versuchen wir die Hasequelle zu finden. Aber es gibt kein Hinweisschild und so bleibt unsere Suche vergebens. Also folgen wir weiter der Strecke und klettern die h\u00fcgeligen Anstiege hoch, die es hier am Ausl\u00e4ufer des Teutoburger Waldes noch gibt. N\u00e4chster Stopp ist wie unsere Karte sagt die Bifurkation. Das ist eine nat\u00fcrliche Flussteilung und wir den Infotafeln entnehmen etwas h\u00f6chst Seltenes was es z.B. noch am Orinoco gibt und an den Str\u00f6men Hinterindiens. Gro\u00dfe vergleiche f\u00fcr so ein kleines Rinnsal.<\/p>\n<div style=\"width: 651px\" class=\"wp-caption aligncenter\"><img loading=\"lazy\" decoding=\"async\" class=\"ngg-singlepic ngg-center\" src=\"http:\/\/www.cycling2gether.de\/wp-content\/gallery\/hase-ems-tour-2014\/Hase_Ems_Tour_2014_04.JPG\" alt=\"Hase_Ems_Tour_2014_04\" width=\"641\" height=\"427\" \/><p class=\"wp-caption-text\">An der Hase Birfukation<\/p><\/div>\n<p>Mittlerweile ist es Mittag und auch Tandemfahrer brauchen Kalorien, also nutzen wir die B\u00e4nke an der Infotafel f\u00fcr unsere Mittagspause.<\/p>\n<div style=\"width: 648px\" class=\"wp-caption aligncenter\"><img loading=\"lazy\" decoding=\"async\" class=\"ngg-singlepic ngg-center\" src=\"http:\/\/www.cycling2gether.de\/wp-content\/gallery\/hase-ems-tour-2014\/Hase_Ems_Tour_2014_05.JPG\" alt=\"Hase_Ems_Tour_2014_05\" width=\"638\" height=\"425\" \/><p class=\"wp-caption-text\">Mittagspause an der Bifurkation der Hase<\/p><\/div>\n<p>Nach dem Mittag schwingen wir uns wieder auf unsere R\u00e4der und rollen weiter Richtung Osnabr\u00fcck. In der N\u00e4he von Natbergen finden wir ein sehr sch\u00f6n gemauerten Torbogen, der uns ein Foto wert ist.<\/p>\n<div style=\"width: 648px\" class=\"wp-caption aligncenter\"><img loading=\"lazy\" decoding=\"async\" class=\"ngg-singlepic ngg-center\" src=\"http:\/\/www.cycling2gether.de\/wp-content\/gallery\/hase-ems-tour-2014\/Hase_Ems_Tour_2014_07.JPG\" alt=\"Hase_Ems_Tour_2014_07\" width=\"638\" height=\"425\" \/><p class=\"wp-caption-text\">Tandemausblick<\/p><\/div>\n<p>Weiter geht es nach Osnabr\u00fcck. Wie Gro\u00dfst\u00e4dte eben so sind, ziemlich voll und es ist doch hier und da ein wenig wuselig. Aber die Streckenf\u00fchrung hat es geschafft auf m\u00f6glichst Verkehrsaremen Wegen uns durch Osnabr\u00fcck zu schleusen. Wir st\u00e4rken uns in einem Stra\u00dfenkaffee und fahren dann weiter. Das Rathaus des Westf\u00e4hlischen Friedens lassen wir links liegen. Wir waren fr\u00fcher schon einmal in Osnabr\u00fcck und aus dem Grund m\u00fcssen wir die Innenstadt jetzt nicht noch einmal besichtigen. Wir werden aus Osnabr\u00fcck wundersch\u00f6n am Zweigkanal Osnabr\u00fcck heraus geleitet und finden uns irgendwann an der Hollagerschleuse wieder.<\/p>\n<div style=\"width: 648px\" class=\"wp-caption aligncenter\"><img loading=\"lazy\" decoding=\"async\" class=\"ngg-singlepic ngg-center\" src=\"http:\/\/www.cycling2gether.de\/wp-content\/gallery\/hase-ems-tour-2014\/Hase_Ems_Tour_2014_08.JPG\" alt=\"Hase_Ems_Tour_2014_08\" width=\"638\" height=\"425\" \/><p class=\"wp-caption-text\">Cycling2gether an der Hollagerschleuse<\/p><\/div>\n<p>Wir fahren weiter am Osnabr\u00fccker Zweigkanal der irgendwann dann in den Mittellandkanal m\u00fcndet. Kurz bevor wir in Bramsche einrollen, k\u00f6nnen wir noch beobachten, wie drei Schafwidder sich gegenseitig die K\u00f6pfe einrennen. Dann machen wir einen kurzen Fotostopp am Tuchmachermuseum, das leider am Montag schon geschlossen und sowieso nur bis 17.00 Uhr ge\u00f6ffnet h\u00e4tte. Kurz wir sind sowieso zu sp\u00e4t dran.<\/p>\n<div style=\"width: 652px\" class=\"wp-caption aligncenter\"><img loading=\"lazy\" decoding=\"async\" class=\"ngg-singlepic ngg-center\" src=\"http:\/\/www.cycling2gether.de\/wp-content\/gallery\/hase-ems-tour-2014\/Hase_Ems_Tour_2014_09.JPG\" alt=\"Hase_Ems_Tour_2014_09\" width=\"642\" height=\"428\" \/><p class=\"wp-caption-text\">Am Tuchmachermuseum in Bramsche<\/p><\/div>\n<p>Bramsche gef\u00e4llt uns, hat eine sch\u00f6ne Altstadt mit sehr h\u00fcbschen, gut restaurierten Fachwerkh\u00e4usern. Wir f\u00fcllen unser Portemonnaie an der n\u00e4chsten Sparkasse kaufen noch etwas f\u00fcr den n\u00e4chsten Tag ein und rollen dann zu unserem Hotel, das wir nach 93 Km erreichen. Fazit von Tag eins sch\u00f6ne abwechslungsreiche Strecke bei herrlichem Herbstwetter.<\/p>\n<p>&nbsp;<\/p>\n<p><span style=\"color: #999999; font-family: arial,helvetica,sans-serif;\"><strong><span style=\"font-size: 16pt;\">Tag 2 von Bramsche bis nach Herzlake 98 km<\/span><\/strong><\/span><\/p>\n<p>Als wir heute Morgen starten ist der Himmel ziemlich wolkenverhangen, es nieselt leicht und es regnet immer wieder. Das l\u00e4sst aber nach ca. einer Stunde nach und dann kommt die Sonne raus und in unserer Regenjacke wird uns schnell zu warm und die verschwindet wieder in der Packtasche, wo sie hingeh\u00f6rt. Kurz vor dem Kloster Lage sehen wir eine liebevoll gestaltete Hecke in Form eines Wals.<\/p>\n<div style=\"width: 657px\" class=\"wp-caption aligncenter\"><img loading=\"lazy\" decoding=\"async\" class=\"ngg-singlepic ngg-center\" src=\"http:\/\/www.cycling2gether.de\/wp-content\/gallery\/hase-ems-tour-2014\/Hase_Ems_Tour_2014_10.JPG\" alt=\"Hase_Ems_Tour_2014_10\" width=\"647\" height=\"431\" \/><p class=\"wp-caption-text\">Tandem vor Walhecke am Hase Ems Radweg<\/p><\/div>\n<p>Nach dem kurzen Fotostopp geht es weiter zum Kloster Lage, das wir aber auch nur ganz kurz besuchen.<\/p>\n<div style=\"width: 452px\" class=\"wp-caption aligncenter\"><img loading=\"lazy\" decoding=\"async\" class=\"ngg-singlepic ngg-center\" src=\"http:\/\/www.cycling2gether.de\/wp-content\/gallery\/hase-ems-tour-2014\/Hase_Ems_Tour_2014_11.JPG\" alt=\"Hase_Ems_Tour_2014_11\" width=\"442\" height=\"663\" \/><p class=\"wp-caption-text\">Kloster Lage an der Hase Ems Route<\/p><\/div>\n<p>Danach passieren wir ca. 8 Kilometer vor Bersenbr\u00fcck den Hase Uferweg die Strecke ist nicht asphaltiert l\u00e4sst sich aber sehr gut fahren. Ein Ort, wo man einmal so richtig die Seele baumeln lassen kann und der gut ist f\u00fcr das Kopfkino, das bei uns immer wieder nach Tourende entsteht und dort noch lange f\u00fcr Bilder im Kopf sorgt.<\/p>\n<div style=\"width: 673px\" class=\"wp-caption aligncenter\"><img loading=\"lazy\" decoding=\"async\" class=\"ngg-singlepic ngg-center\" src=\"http:\/\/www.cycling2gether.de\/wp-content\/gallery\/hase-ems-tour-2014\/Hase_Ems_Tour_2014_12.JPG\" alt=\"Hase_Ems_Tour_2014_12\" width=\"663\" height=\"442\" \/><p class=\"wp-caption-text\">Am Hase Ufer Weg in der N\u00e4he von Bersenbr\u00fcck<\/p><\/div>\n<p>Nachdem wir Gehrde und Badbergen passiert haben, erreichen wir am fr\u00fchen Nachmittag Quakenbr\u00fcck der Ort gef\u00e4llt uns wegen seiner historischen Altstadt und l\u00e4dt zum Verweilen ein am alten Stadttor oder auch Hohe Pforte genannt. Das auf Holzpf\u00e4hlen gegr\u00fcndete und aus Bruchsteinen errichtete gotische Tor wurde 1485 erbaut und besteht aus vier Stockwerken und ist das letzte von ehemalig f\u00fcnf Stadttoren.<\/p>\n<div style=\"width: 673px\" class=\"wp-caption aligncenter\"><img loading=\"lazy\" decoding=\"async\" class=\"ngg-singlepic ngg-center\" src=\"http:\/\/www.cycling2gether.de\/wp-content\/gallery\/hase-ems-tour-2014\/Hase_Ems_Tour_2014_13.JPG\" alt=\"Hase_Ems_Tour_2014_13\" width=\"663\" height=\"442\" \/><p class=\"wp-caption-text\">Hohe Pforte Quakenbr\u00fcck<\/p><\/div>\n<p>Was uns am Hase Radweg besonders gut gef\u00e4llt ist die gute Infrastruktur, die macht das Radeln sehr angenehm. Es gibt in vielen kurzen Abst\u00e4nden Pausenm\u00f6glichkeiten, so dass wir nie lange nach einem Tisch mit Sitzgelegenheit suchen m\u00fcssen. Wenn der Captain das Tandem gut lenken kann und der Stoker ein gewisses Wurfgeschick hat. Muss man nicht mal anhalten, um seinen M\u00fcll zu entsorgen. Denn das geht hier sozusagen im Vorbeifahren.<\/p>\n<div style=\"width: 673px\" class=\"wp-caption aligncenter\"><img loading=\"lazy\" decoding=\"async\" class=\"ngg-singlepic ngg-center\" src=\"http:\/\/www.cycling2gether.de\/wp-content\/gallery\/hase-ems-tour-2014\/Hase_Ems_Tour_2014_15.JPG\" alt=\"Hase_Ems_Tour_2014_15\" width=\"663\" height=\"442\" \/><p class=\"wp-caption-text\">M\u00fcllfangkorb am Hase Ems Radweg<\/p><\/div>\n<p>Das geht sogar soweit das Wir Radfahrer eine eigene Umleitungsstrecke ausgwiesen bekommen in Essen Oldenburg, eine feine Sache die uns dann bestimmt das wenden mit unseren long Vehikels auf den kleinen Landstra\u00dfen erspart hat.<\/p>\n<div style=\"width: 670px\" class=\"wp-caption aligncenter\"><img loading=\"lazy\" decoding=\"async\" class=\"ngg-singlepic ngg-center\" src=\"http:\/\/www.cycling2gether.de\/wp-content\/gallery\/hase-ems-tour-2014\/Hase_Ems_Tour_2014_14.JPG\" alt=\"Hase_Ems_Tour_2014_14\" width=\"660\" height=\"440\" \/><p class=\"wp-caption-text\">Umleitung auf dem Hase Ems Radweg<\/p><\/div>\n<p>Weiter geht es dann Richtung L\u00f6nningen \u00fcber Hasell\u00fcnne bis nach H\u00f6lze, dort kurz vor unserem heutigen Etappenziel schauen wir uns noch kurz die Windm\u00fchle an.<\/p>\n<div style=\"width: 453px\" class=\"wp-caption aligncenter\"><img loading=\"lazy\" decoding=\"async\" class=\"ngg-singlepic ngg-center\" src=\"http:\/\/www.cycling2gether.de\/wp-content\/gallery\/hase-ems-tour-2014\/Hase_Ems_Tour_2014_16.JPG\" alt=\"Hase_Ems_Tour_2014_16\" width=\"443\" height=\"665\" \/><p class=\"wp-caption-text\">Windm\u00fchle in H\u00f6lze<\/p><\/div>\n<p>Dann geht es weiter bis nach Herzlake, wo dann f\u00fcr heute Schluss ist. Duschen und Beine hochlegen ist angesagt, nach 98 Kilometern.<\/p>\n<p>&nbsp;<\/p>\n<h1><span style=\"font-family: arial,helvetica,sans-serif; color: #808080;\"><span style=\"color: #999999; font-size: 16pt;\">Tag 3 Herzlake bis Rheine 108 Km<\/span><\/span><\/h1>\n<p>Morgens starten wir nach einem ausgiebigen Fr\u00fchst\u00fcck und es geht weiter Richtung Hasell\u00fcnne gleich nach dem Badesee und kurz vor der Hase, treffen wir auf Radler Rost. Wir schauen uns den Sattel an und 75% unseres Teams wird an ihren schmerzenden verl\u00e4ngerten R\u00fccken erinnert. Aber trotz dieser Beschwerden haben wir \u00e4hnlich gute Laune wir unser rostiger Radler.<\/p>\n<div style=\"width: 673px\" class=\"wp-caption aligncenter\"><img loading=\"lazy\" decoding=\"async\" class=\"ngg-singlepic ngg-center\" src=\"http:\/\/www.cycling2gether.de\/wp-content\/gallery\/hase-ems-tour-2014\/Hase_Ems_Tour_2014_17.JPG\" alt=\"Hase_Ems_Tour_2014_17\" width=\"663\" height=\"497\" \/><p class=\"wp-caption-text\">Radler Rost Hasel\u00fcnne<\/p><\/div>\n<p>Wir fahren weiter nach Meppen, wo die Hase in die Ems flie\u00dft. Wir M\u00e4nner h\u00fcten die Tandems und die Frauen suchen nach einem Kaffee Togo und etwas Kuchen vom B\u00e4cker. Danach geht es weiter und noch wissen wir nicht, dass wir heute Abend noch einmal hier sein werden. Wenn wir sonst mit der Familie unterwegs waren, haben sich irgendwie immer Steine von unserem J\u00fcngsten in die Packtaschen verirrt, die das Gep\u00e4ck mit den Tagen immer schwerer werden lie\u00dfen. Heute lernen wir das, wenn man mit Frauen unterwegs ist, es andere Mitbringsel gibt. Die zum Gl\u00fcck nicht so schwer sind wie die Steine unseres J\u00fcngsten damals<img decoding=\"async\" src=\"http:\/\/www.cycling2gether.de\/wp-content\/plugins\/wp-edit\/plugins\/emoticons\/img\/smiley-laughing.gif\" alt=\"\" \/>.<\/p>\n<div style=\"width: 673px\" class=\"wp-caption aligncenter\"><img loading=\"lazy\" decoding=\"async\" class=\"ngg-singlepic ngg-center\" src=\"http:\/\/www.cycling2gether.de\/wp-content\/gallery\/hase-ems-tour-2014\/Hase_Ems_Tour_2014_19.JPG\" alt=\"Hase_Ems_Tour_2014_19\" width=\"663\" height=\"442\" \/><p class=\"wp-caption-text\">Sonnenblumen auf Vaude Aqua Back<\/p><\/div>\n<div style=\"width: 675px\" class=\"wp-caption aligncenter\"><img loading=\"lazy\" decoding=\"async\" class=\"ngg-singlepic ngg-center\" src=\"http:\/\/www.cycling2gether.de\/wp-content\/gallery\/hase-ems-tour-2014\/Hase_Ems_Tour_2014_18.JPG\" alt=\"Hase_Ems_Tour_2014_18\" width=\"665\" height=\"442\" \/><p class=\"wp-caption-text\">Cycling2gether in den Sonnenblumen<\/p><\/div>\n<p>Nachdem wir unsere Fotosession in den Sonnenblumen beendet haben, geht es weiter. In Holte entscheiden wir uns den Geester See links liegen zu lassen und direkt nach Biene zu fahren, das spart uns 7Km. Die Suche nach einer Pausenm\u00f6glichkeit gestaltet sich schwierig und ist nicht so einfach wie an der Hase. Aber irgendwann finden wir was Passendes. Wir sind so gerade sch\u00f6n am Essen, als uns ein Anruf erreicht, dass wir in Meppen ein\u00a0<span id=\"dpfsent_0\" class=\"dpf_sent\">Portemonnaie<\/span> vergessen haben, das bei der Polizei abgegeben wurde. Das w\u00fcrde jetzt bedeuten, dass wir 20 Km zur\u00fcck fahren m\u00fcssten. Wir entscheiden uns das abends mit dem Auto zu machen, denn wir werden in Rheine abgeholt. Also geht es weiter \u00fcber Lingen in der N\u00e4he von Herzford haben wir einen Ausblick auf die Ems.<\/p>\n<div style=\"width: 673px\" class=\"wp-caption aligncenter\"><img loading=\"lazy\" decoding=\"async\" class=\"ngg-singlepic ngg-center\" src=\"http:\/\/www.cycling2gether.de\/wp-content\/gallery\/hase-ems-tour-2014\/Hase_Ems_Tour_2014_20.JPG\" alt=\"Hase_Ems_Tour_2014_20\" width=\"663\" height=\"442\" \/><p class=\"wp-caption-text\">An der Ems<\/p><\/div>\n<p>Wir passieren Emsb\u00fcren und st\u00e4rken uns dort noch einmal im Hofcaf\u00e9 Querdel. Dann geht es \u00fcber Salzbergen weiter nach Rheine, 108 Kilometer sind wir heute gefahren und es war gut das Wir den Geester See links liegen gelassen haben. Unser Fazit ist, das die Tour eine sehr sch\u00f6ne Strecke ist, die wir gern weiter empfehlen, man sollte sich ggf. nur einen Tag mehr Zeit nehmen.<\/p>\n<p>Wenn jemand die Tour so wie wir sie gefahren sind nachfahren m\u00f6chte, k\u00f6nnen wir gern unsere GPS-Daten zur Verf\u00fcgung stellen.<\/p>\n<p>&nbsp;<\/p>\n<p>&nbsp;<\/p>\n<p>&nbsp;<\/p>\n<p>&nbsp;<\/p>\n<p>&nbsp;<\/p>\n<p>&nbsp;<\/p>\n<p>&nbsp;<\/p>\n","protected":false},"excerpt":{"rendered":"<p>Tag 1 Melle bis Bramsche 93 Km Nachdem unsere Schottlandreise, dieses Jahr nicht geklappt hat. Und wir mit unseren S\u00f6hnen keinen gemeinsamen Termin f\u00fcr eine Radtour finden konnten. Starten wir unsere Radtour dieses Jahr einmal ganz anders 1. ohne unsere &hellip; <a href=\"https:\/\/wp.cycling-family.info\/?page_id=1766\">Weiterlesen <span class=\"meta-nav\">&rarr;<\/span><\/a><\/p>\n","protected":false},"author":1,"featured_media":0,"parent":0,"menu_order":0,"comment_status":"closed","ping_status":"closed","template":"","meta":{"ngg_post_thumbnail":0,"jetpack_post_was_ever_published":false,"footnotes":""},"jetpack_shortlink":"https:\/\/wp.me\/P3JTu5-su","jetpack_sharing_enabled":true,"_links":{"self":[{"href":"https:\/\/wp.cycling-family.info\/index.php?rest_route=\/wp\/v2\/pages\/1766"}],"collection":[{"href":"https:\/\/wp.cycling-family.info\/index.php?rest_route=\/wp\/v2\/pages"}],"about":[{"href":"https:\/\/wp.cycling-family.info\/index.php?rest_route=\/wp\/v2\/types\/page"}],"author":[{"embeddable":true,"href":"https:\/\/wp.cycling-family.info\/index.php?rest_route=\/wp\/v2\/users\/1"}],"replies":[{"embeddable":true,"href":"https:\/\/wp.cycling-family.info\/index.php?rest_route=%2Fwp%2Fv2%2Fcomments&post=1766"}],"version-history":[{"count":4,"href":"https:\/\/wp.cycling-family.info\/index.php?rest_route=\/wp\/v2\/pages\/1766\/revisions"}],"predecessor-version":[{"id":1771,"href":"https:\/\/wp.cycling-family.info\/index.php?rest_route=\/wp\/v2\/pages\/1766\/revisions\/1771"}],"wp:attachment":[{"href":"https:\/\/wp.cycling-family.info\/index.php?rest_route=%2Fwp%2Fv2%2Fmedia&parent=1766"}],"curies":[{"name":"wp","href":"https:\/\/api.w.org\/{rel}","templated":true}]}}