{"id":441,"date":"2013-08-06T12:29:53","date_gmt":"2013-08-06T10:29:53","guid":{"rendered":"http:\/\/wp.cycling-family.info\/?page_id=441"},"modified":"2013-10-28T09:18:17","modified_gmt":"2013-10-28T07:18:17","slug":"bob-yakibex-mit-reiseradgepacktragern","status":"publish","type":"page","link":"http:\/\/wp.cycling-family.info\/?page_id=441","title":{"rendered":"BoB Yak\/Ibex mit Reiseradgep\u00e4cktr\u00e4gern?"},"content":{"rendered":"<p>Wir haben bei dem Einsatz von unseren BoBs an unseren und anderen 26&#8243;\/28&#8243; Reiser\u00e4dern, leider feststellen m\u00fcssen dass der BoB selten mit den Reiseradgep\u00e4ckt\u00e4gern kombinierbar ist.<\/p>\n<p>Das Problem sind die B\u00fcgel f\u00fcr die tiefere Einh\u00e4ngeposition an der sich auch die Packtaschen abst\u00fctzen. Diese k\u00f6nnen mit der Gabel des BoBs kollidieren und so zu Besch\u00e4digungen f\u00fchren.<\/p>\n<p>Probleme gibt es nach unseren Erfahrungen mit folgenden Modellen von Tubus:<\/p>\n<ul>\n<li>Cargo<\/li>\n<li>Cosmo<\/li>\n<li>Logo<\/li>\n<li>Lock<\/li>\n<\/ul>\n<p>Wobei der Tubus Vega keine Probleme machen d\u00fcrfte.( Beladung bis 25 Kg)<\/p>\n<p>Bei den Tr\u00e4gern von Hebie sind folgende Modelle Problematisch:<\/p>\n<p>Expedition 190<\/p>\n<p>Die Racks die problemlos mit den BoBs laufen sind zwar nur bis 25Kg beladbar, das reicht aber f\u00fcr den normalen Reiseradler locker aus. Weil man die schweren Sachen ja ohnehin in den BoB legt.<\/p>\n<p>F\u00fcr Radler die mit Familie + Hund unterwegs ist muss der BoB mit einem stabilen Tr\u00e4ger kombinierbar sein. Seit Jahren sind wir mit den Modellen von Hebie unterwegs.<\/p>\n<ul>\n<li>Am\u00a0 Cannondale Tandem haben wir einen Tournee Trekking Lk 895<\/li>\n<li>Am Patria Terra Hebie 0180 Expedition Extreme<\/li>\n<li>Am Santos Double Travel Tandem fahren wir einen Tubus Cosmo<\/li>\n<\/ul>\n<p>F\u00fcr uns gab es nur die M\u00f6glichkeit die Tr\u00e4ger &#8222;h\u00f6her zu legen&#8220; das l\u00f6st das Problem auch, sieht optisch nur nicht ganz so gef\u00e4llig aus und der Vorteil das die Taschen durch die tiefere Einh\u00e4ngepostion n\u00e4her an den Schwerpunkt des Bikes kommen ist leider auch dahin.<\/p>\n<p>Wenn man den Tr\u00e4ger h\u00f6her machen m\u00f6chte funktioniert das sehr gut mit dem Zubeh\u00f6r Schnellspannadapter Art.71500 oder neu gibt es jetzt Fu\u00dfverl\u00e4ngerung Art. 70024 von Tubus. ( Klappt auch hervoragend bei Hebie produkten Winken)<\/p>\n<p>Am\u00a0 Cannondale Tandem haben wir ein anderes Zubeh\u00f6r gew\u00e4hlt von einem \u00e4lteren Tr\u00e4ger.<\/p>\n<p style=\"text-align: center;\"><img loading=\"lazy\" decoding=\"async\" class=\"aligncenter\" title=\"Tr\u00e4gererh\u00f6hung Santos Tandem\" alt=\"\" src=\"http:\/\/wp.cycling-family.info\/wp-content\/galleries\/tipps\/traegererhoehung01.jpg\" width=\"640\" height=\"426\" \/><\/p>\n<p style=\"text-align: center;\"><img loading=\"lazy\" decoding=\"async\" class=\"aligncenter\" title=\"Tr\u00e4gererh\u00f6hung Patria Terra\" alt=\"\" src=\"http:\/\/wp.cycling-family.info\/wp-content\/galleries\/tipps\/traegererhoehung02.jpg\" width=\"640\" height=\"426\" \/><\/p>\n<p style=\"text-align: center;\"><img loading=\"lazy\" decoding=\"async\" class=\"aligncenter\" title=\"Tr\u00e4gererh\u00f6hung Cannondale Tandem\" alt=\"\" src=\"http:\/\/wp.cycling-family.info\/wp-content\/galleries\/tipps\/traegererhoehung03.jpg\" width=\"336\" height=\"448\" \/><\/p>\n","protected":false},"excerpt":{"rendered":"<p>Wir haben bei dem Einsatz von unseren BoBs an unseren und anderen 26&#8243;\/28&#8243; Reiser\u00e4dern, leider feststellen m\u00fcssen dass der BoB selten mit den Reiseradgep\u00e4ckt\u00e4gern kombinierbar ist. Das Problem sind die B\u00fcgel f\u00fcr die tiefere Einh\u00e4ngeposition an der sich auch die &hellip; <a href=\"http:\/\/wp.cycling-family.info\/?page_id=441\">Weiterlesen <span class=\"meta-nav\">&rarr;<\/span><\/a><\/p>\n","protected":false},"author":1,"featured_media":0,"parent":0,"menu_order":0,"comment_status":"closed","ping_status":"closed","template":"","meta":{"ngg_post_thumbnail":0,"jetpack_post_was_ever_published":false,"footnotes":""},"jetpack_shortlink":"https:\/\/wp.me\/P3JTu5-77","jetpack_sharing_enabled":true,"_links":{"self":[{"href":"http:\/\/wp.cycling-family.info\/index.php?rest_route=\/wp\/v2\/pages\/441"}],"collection":[{"href":"http:\/\/wp.cycling-family.info\/index.php?rest_route=\/wp\/v2\/pages"}],"about":[{"href":"http:\/\/wp.cycling-family.info\/index.php?rest_route=\/wp\/v2\/types\/page"}],"author":[{"embeddable":true,"href":"http:\/\/wp.cycling-family.info\/index.php?rest_route=\/wp\/v2\/users\/1"}],"replies":[{"embeddable":true,"href":"http:\/\/wp.cycling-family.info\/index.php?rest_route=%2Fwp%2Fv2%2Fcomments&post=441"}],"version-history":[{"count":5,"href":"http:\/\/wp.cycling-family.info\/index.php?rest_route=\/wp\/v2\/pages\/441\/revisions"}],"predecessor-version":[{"id":1461,"href":"http:\/\/wp.cycling-family.info\/index.php?rest_route=\/wp\/v2\/pages\/441\/revisions\/1461"}],"wp:attachment":[{"href":"http:\/\/wp.cycling-family.info\/index.php?rest_route=%2Fwp%2Fv2%2Fmedia&parent=441"}],"curies":[{"name":"wp","href":"https:\/\/api.w.org\/{rel}","templated":true}]}}