{"id":409,"date":"2013-08-05T10:52:39","date_gmt":"2013-08-05T08:52:39","guid":{"rendered":"http:\/\/wp.cycling-family.info\/?page_id=409"},"modified":"2013-11-18T12:39:11","modified_gmt":"2013-11-18T10:39:11","slug":"limfjordtour-2005","status":"publish","type":"page","link":"http:\/\/wp.cycling-family.info\/?page_id=409","title":{"rendered":"Limfjordtour 2005"},"content":{"rendered":"<p style=\"text-align: center;\"><img loading=\"lazy\" decoding=\"async\" class=\"aligncenter\" title=\"Cycling Family am Limfjord 2005\" alt=\"\" src=\"http:\/\/wp.cycling-family.info\/wp-content\/galleries\/limfjordtour-2005\/nscr_netherlands_2005_01.jpg\" width=\"448\" height=\"289\" \/>Wir m\u00fcssen verr\u00fcckt sein so jedenfalls dachten wir als wir vor der Abfahrtnach Lemvig, uns noch mal den Wetterbericht im Internett anschauten. Die Aussichten auf gutes Wetter waren schlecht. Warm sollte es nicht werden, daf\u00fcr aber feucht. Wir hielten noch mal Familienrat ab kamen aber darin \u00fcberein, das wir auch trotz schlechter Prognosen starten w\u00fcrden. Trotzdem lie\u00df uns bei der Anfahrt nach D\u00e4nemark der Zweifel nicht los. Wir starten nachts in Detmold und erreichen nach einer Nachtfahrt morgens um 6.00 Uhr die kleine Stadt Lemvig. Via E-Mail hatten wir schon vorher organisiert dass wir unseren Van samt Anh\u00e4nger an einer Firmengarage f\u00fcr die n\u00e4chsten 2 Wochen abstellen d\u00fcrfen.<\/p>\n<p style=\"text-align: left;\"><strong>Tag 1 Lemvig<\/strong><\/p>\n<p style=\"text-align: left;\">Wir packten unsere R\u00e4der ab beluden sie und starteten zu unserer ersten Tagesetappe zum einrollen hatten wir uns heute noch nicht zu viel vorgenommen. Die erste Etappe sollte nur 25km lang sein. Wer hat doch gleich noch gesagt D\u00e4nemark sei flach? Stimmt hoch sind die Berge\/H\u00fcgel ja nicht, aber daf\u00fcr sind es viele z.T. mit Steigungen bis 10%. Das Wetter bleibt trocken was wir wohl dem Wind zu verdanken haben, der aber leider von vorne kommt. Nach einer Nettofahrzeit von gut 2 Stunden erreichen wir unseren Campingplatz f\u00fcr den wir echt tief in die Tasche greifen m\u00fcssen. 50,-\u20ac f\u00fcr ein paar Bikes und ein Zelt erscheint uns ziemlich happig. Aber wir haben f\u00fcr die n\u00e4chsten Tage ein Ass im \u00c4rmel, das Heft Overnating Teldpladser gibt Kanuten, Radfahrern, Reitern und Wanderern die M\u00f6glichkeit gegen einen geringen Obolus von 8,- &#8211; 10,- \u20ac auf Privatgrunst\u00fccken g\u00fcnstig zu \u00fcbernachten.<\/p>\n<p style=\"text-align: left;\"><strong>Tag 2 Am Vilsund<\/strong><\/p>\n<p style=\"text-align: left;\">Die zweite Tagesetappe f\u00fchrte uns \u00fcber einen Deich mit vorheriger F\u00e4hrfahrt. Das schaukelte schon ganz sch\u00f6n in der kleinen Nussschale und wir mussten unsere R\u00e4der, w\u00e4hrend der \u00dcberfahrt gut festhalten. Danach kam eine lange Fahrt \u00fcber einen Deich. Die Aussicht war herrlich nur Himmel und Meer und ein strammer Gegenwind von vorne verlangen uns einiges ab. Abends nach 50 Km in den Beinen sind wir gespannt auf unseren Zeltplatz. Was sollen wir sagen eine riesen Wiese ganz f\u00fcr uns alleine, es gibt eine Dusche einfach aber sauber und wir sind herrlich unter uns.<\/p>\n<p style=\"text-align: left;\"><strong>Tag 3 Am Limfjord<\/strong><\/p>\n<p style=\"text-align: left;\">Heute machen wir uns wieder auf die Socken, Lydia klagte gestern das erste Mal \u00fcber Knieschmerzen, hoffentlich ist es nichts ernstes. Wir besichtigen morgens die gr\u00f6\u00dfte Ansammlung von H\u00fcgelgr\u00e4bern in D\u00e4nemark und steuern den n\u00e4chsten Ort an um dort unsere Vorr\u00e4te auf zu f\u00fcllen, hohlen Geld und Tanken unseren Kocher. Sieht nat\u00fcrlich seltsam aus und die D\u00e4nen k\u00f6nnen sich ein schmunzeln nicht verkneifen. Wir steuern nach 33 Km die n\u00e4chste \u00dcbernachtungsm\u00f6glichkeit an.<\/p>\n<p style=\"text-align: center;\"><img loading=\"lazy\" decoding=\"async\" class=\"aligncenter\" title=\"Cycling Family am Limfjord 2005\" alt=\"\" src=\"http:\/\/wp.cycling-family.info\/wp-content\/galleries\/limfjordtour-2005\/limfjordtour_2005_-2.jpg\" width=\"489\" height=\"367\" \/><\/p>\n<p style=\"text-align: left;\">\u00a0Die Aussicht ist eine Wucht\u00a0 die Dusche eine Katastrophe. Ein Nebenraum vom Kuhstall wird bei unserer Anwesenheit einmal mit dem Schlauch gereinigt. Sichtschutz ist gleich null, heute Abend verzichten wir auf unsere Dusche. Die Schmerzen im Knie meiner Frau haben leider immer noch nicht nachgelassen. Wir kochen etwas Leckeres gehen runter zum Limfjord und Flippern noch. Dann kriechen wir in unsere Schlafs\u00e4cke. <img loading=\"lazy\" decoding=\"async\" class=\"aligncenter\" title=\"Am Vilsund\" alt=\"\" src=\"http:\/\/wp.cycling-family.info\/wp-content\/galleries\/limfjordtour-2005\/limfjordtour_2005_4.jpg\" width=\"489\" height=\"367\" \/><strong>Tag 4 Gestrandet in Ejerslev<\/strong><\/p>\n<p style=\"text-align: center;\">Morgens packen wir alles ein und strampeln zum Villsund, die Br\u00fccke ist auf dem Radweg mit dem Tandem an den vielen Engstellen nur sehr schwer zu passieren. Auch heute wieder herrliche Ausblicke auf den Limfjord doch die sch\u00f6nste bietet sich vom Hanklit einer 67m hohen Felsklippe.<img loading=\"lazy\" decoding=\"async\" class=\"aligncenter\" title=\"Hanklit\" alt=\"\" src=\"http:\/\/wp.cycling-family.info\/wp-content\/galleries\/limfjordtour-2005\/limfjordtour_2005_5.jpg\" width=\"489\" height=\"367\" \/><\/p>\n<p style=\"text-align: center;\">Danach steuern wir den n\u00e4chsten SB zu einer Eis pause an und fahren die letzten Up&#8217;s and Down&#8217;s bis nach Ejerslev. Dort haben wir den besten Platz den wir bis hierhin hatten. Wir schlagen unser Zelt direkt am Limfjord auf. Wir sind so dicht am Wasser das wir vom Zelteingang in den Fjord spucken k\u00f6nnten. Wir teilen uns die Zeltwiese mit ein paar Wohnmobilfahrern sind aber sonst f\u00fcr uns. Die Dusche nutzen im Privathaus des Bauernhofes alle gemeinsam. Lydia kann Abends nur noch humpeln als wir uns ihr Knie anschauen ist klar das unsere Limfjordtour hier zu Ende sein wird.\u00a0 Wie geht es nun weiter?<img loading=\"lazy\" decoding=\"async\" class=\"aligncenter\" title=\"Gestrandet in Ejerslev\" alt=\"\" src=\"http:\/\/wp.cycling-family.info\/wp-content\/galleries\/limfjordtour-2005\/limfjordtour_2005_-3.jpg\" width=\"489\" height=\"367\" \/><\/p>\n<p style=\"text-align: left;\">Auf diesen Zeltpl\u00e4tzen darf man eigentlich nur max. 2 Tage bleiben wir gehen am n\u00e4chsten Morgen zum Besitzer aber er versteht weder Deutsch noch Englisch und mit unserer Zeichensprache gelingt es uns nicht die Situation g\u00e4nzlich zu kl\u00e4ren. Aber auf einmal taucht ein D\u00e4ne auf der sich oben in der Ferienwohnung eingemietet hat, er hat eine Deutsche Mutter und ist sowohl der Deutschen wie der D\u00e4nischen Sprache m\u00e4chtig. Er \u00fcbersetzt und der Bauer gestattet uns bis zum Ende der Woche zu bleiben. Also setzen wir unseren Urlaub an diesem sch\u00f6nen Fleckchen Erde fort. Jetzt m\u00fcssen wir nur noch an unser Auto dran kommen aber unsere Geschichte hat sich auf der Zeltwiese schon herumgesprochen und einer der Wohnmobilisten nimmt mich mit bis zur\u00fcck nach Lemvig. Sonst h\u00e4tten Marco und ich die Strecke auch mit dem Tandem zur\u00fcck gelegt. Zu Hause dauert es noch mehrere Wochen bis das Knie meiner Frau voll Funktionsf\u00e4hig ist. Trotz der Panne war es bestimmt nicht unsere letzte Tour.<\/p>\n","protected":false},"excerpt":{"rendered":"<p>Wir m\u00fcssen verr\u00fcckt sein so jedenfalls dachten wir als wir vor der Abfahrtnach Lemvig, uns noch mal den Wetterbericht im Internett anschauten. Die Aussichten auf gutes Wetter waren schlecht. Warm sollte es nicht werden, daf\u00fcr aber feucht. Wir hielten noch &hellip; <a href=\"http:\/\/wp.cycling-family.info\/?page_id=409\">Weiterlesen <span class=\"meta-nav\">&rarr;<\/span><\/a><\/p>\n","protected":false},"author":1,"featured_media":0,"parent":0,"menu_order":0,"comment_status":"closed","ping_status":"closed","template":"","meta":{"ngg_post_thumbnail":0,"jetpack_post_was_ever_published":false,"footnotes":""},"jetpack_shortlink":"https:\/\/wp.me\/P3JTu5-6B","jetpack_sharing_enabled":true,"_links":{"self":[{"href":"http:\/\/wp.cycling-family.info\/index.php?rest_route=\/wp\/v2\/pages\/409"}],"collection":[{"href":"http:\/\/wp.cycling-family.info\/index.php?rest_route=\/wp\/v2\/pages"}],"about":[{"href":"http:\/\/wp.cycling-family.info\/index.php?rest_route=\/wp\/v2\/types\/page"}],"author":[{"embeddable":true,"href":"http:\/\/wp.cycling-family.info\/index.php?rest_route=\/wp\/v2\/users\/1"}],"replies":[{"embeddable":true,"href":"http:\/\/wp.cycling-family.info\/index.php?rest_route=%2Fwp%2Fv2%2Fcomments&post=409"}],"version-history":[{"count":21,"href":"http:\/\/wp.cycling-family.info\/index.php?rest_route=\/wp\/v2\/pages\/409\/revisions"}],"predecessor-version":[{"id":1484,"href":"http:\/\/wp.cycling-family.info\/index.php?rest_route=\/wp\/v2\/pages\/409\/revisions\/1484"}],"wp:attachment":[{"href":"http:\/\/wp.cycling-family.info\/index.php?rest_route=%2Fwp%2Fv2%2Fmedia&parent=409"}],"curies":[{"name":"wp","href":"https:\/\/api.w.org\/{rel}","templated":true}]}}

<p style="text-align: center;"><img loading="lazy" decoding="async" class="aligncenter" title="Cycling Family am Limfjord 2005" alt="" src="http://wp.cycling-family.info/wp-content/galleries/limfjordtour-2005/nscr_netherlands_2005_01.jpg" width="448" height="289" />Wir müssen verrückt sein so jedenfalls dachten wir als wir vor der Abfahrtnach Lemvig, uns noch mal den Wetterbericht im Internett anschauten. Die Aussichten auf gutes Wetter waren schlecht. Warm sollte es nicht werden, dafür aber feucht. Wir hielten noch mal Familienrat ab kamen aber darin überein, das wir auch trotz schlechter Prognosen starten würden. Trotzdem ließ uns bei der Anfahrt nach Dänemark der Zweifel nicht los. Wir starten nachts in Detmold und erreichen nach einer Nachtfahrt morgens um 6.00 Uhr die kleine Stadt Lemvig. Via E-Mail hatten wir schon vorher organisiert dass wir unseren Van samt Anhänger an einer Firmengarage für die nächsten 2 Wochen abstellen dürfen.</p>
<p style="text-align: left;"><strong>Tag 1 Lemvig</strong></p>
<p style="text-align: left;">Wir packten unsere Räder ab beluden sie und starteten zu unserer ersten Tagesetappe zum einrollen hatten wir uns heute noch nicht zu viel vorgenommen. Die erste Etappe sollte nur 25km lang sein. Wer hat doch gleich noch gesagt Dänemark sei flach? Stimmt hoch sind die Berge/Hügel ja nicht, aber dafür sind es viele z.T. mit Steigungen bis 10%. Das Wetter bleibt trocken was wir wohl dem Wind zu verdanken haben, der aber leider von vorne kommt. Nach einer Nettofahrzeit von gut 2 Stunden erreichen wir unseren Campingplatz für den wir echt tief in die Tasche greifen müssen. 50,-€ für ein paar Bikes und ein Zelt erscheint uns ziemlich happig. Aber wir haben für die nächsten Tage ein Ass im Ärmel, das Heft Overnating Teldpladser gibt Kanuten, Radfahrern, Reitern und Wanderern die Möglichkeit gegen einen geringen Obolus von 8,- &#8211; 10,- € auf Privatgrunstücken günstig zu übernachten.</p>
<p style="text-align: left;"><strong>Tag 2 Am Vilsund</strong></p>
<p style="text-align: left;">Die zweite Tagesetappe führte uns über einen Deich mit vorheriger Fährfahrt. Das schaukelte schon ganz schön in der kleinen Nussschale und wir mussten unsere Räder, während der Überfahrt gut festhalten. Danach kam eine lange Fahrt über einen Deich. Die Aussicht war herrlich nur Himmel und Meer und ein strammer Gegenwind von vorne verlangen uns einiges ab. Abends nach 50 Km in den Beinen sind wir gespannt auf unseren Zeltplatz. Was sollen wir sagen eine riesen Wiese ganz für uns alleine, es gibt eine Dusche einfach aber sauber und wir sind herrlich unter uns.</p>
<p style="text-align: left;"><strong>Tag 3 Am Limfjord</strong></p>
<p style="text-align: left;">Heute machen wir uns wieder auf die Socken, Lydia klagte gestern das erste Mal über Knieschmerzen, hoffentlich ist es nichts ernstes. Wir besichtigen morgens die größte Ansammlung von Hügelgräbern in Dänemark und steuern den nächsten Ort an um dort unsere Vorräte auf zu füllen, hohlen Geld und Tanken unseren Kocher. Sieht natürlich seltsam aus und die Dänen können sich ein schmunzeln nicht verkneifen. Wir steuern nach 33 Km die nächste Übernachtungsmöglichkeit an.</p>
<p style="text-align: center;"><img loading="lazy" decoding="async" class="aligncenter" title="Cycling Family am Limfjord 2005" alt="" src="http://wp.cycling-family.info/wp-content/galleries/limfjordtour-2005/limfjordtour_2005_-2.jpg" width="489" height="367" /></p>
<p style="text-align: left;"> Die Aussicht ist eine Wucht  die Dusche eine Katastrophe. Ein Nebenraum vom Kuhstall wird bei unserer Anwesenheit einmal mit dem Schlauch gereinigt. Sichtschutz ist gleich null, heute Abend verzichten wir auf unsere Dusche. Die Schmerzen im Knie meiner Frau haben leider immer noch nicht nachgelassen. Wir kochen etwas Leckeres gehen runter zum Limfjord und Flippern noch. Dann kriechen wir in unsere Schlafsäcke. <img loading="lazy" decoding="async" class="aligncenter" title="Am Vilsund" alt="" src="http://wp.cycling-family.info/wp-content/galleries/limfjordtour-2005/limfjordtour_2005_4.jpg" width="489" height="367" /><strong>Tag 4 Gestrandet in Ejerslev</strong></p>
<p style="text-align: center;">Morgens packen wir alles ein und strampeln zum Villsund, die Brücke ist auf dem Radweg mit dem Tandem an den vielen Engstellen nur sehr schwer zu passieren. Auch heute wieder herrliche Ausblicke auf den Limfjord doch die schönste bietet sich vom Hanklit einer 67m hohen Felsklippe.<img loading="lazy" decoding="async" class="aligncenter" title="Hanklit" alt="" src="http://wp.cycling-family.info/wp-content/galleries/limfjordtour-2005/limfjordtour_2005_5.jpg" width="489" height="367" /></p>
<p style="text-align: center;">Danach steuern wir den nächsten SB zu einer Eis pause an und fahren die letzten Up&#8217;s and Down&#8217;s bis nach Ejerslev. Dort haben wir den besten Platz den wir bis hierhin hatten. Wir schlagen unser Zelt direkt am Limfjord auf. Wir sind so dicht am Wasser das wir vom Zelteingang in den Fjord spucken könnten. Wir teilen uns die Zeltwiese mit ein paar Wohnmobilfahrern sind aber sonst für uns. Die Dusche nutzen im Privathaus des Bauernhofes alle gemeinsam. Lydia kann Abends nur noch humpeln als wir uns ihr Knie anschauen ist klar das unsere Limfjordtour hier zu Ende sein wird.  Wie geht es nun weiter?<img loading="lazy" decoding="async" class="aligncenter" title="Gestrandet in Ejerslev" alt="" src="http://wp.cycling-family.info/wp-content/galleries/limfjordtour-2005/limfjordtour_2005_-3.jpg" width="489" height="367" /></p>
<p style="text-align: left;">Auf diesen Zeltplätzen darf man eigentlich nur max. 2 Tage bleiben wir gehen am nächsten Morgen zum Besitzer aber er versteht weder Deutsch noch Englisch und mit unserer Zeichensprache gelingt es uns nicht die Situation gänzlich zu klären. Aber auf einmal taucht ein Däne auf der sich oben in der Ferienwohnung eingemietet hat, er hat eine Deutsche Mutter und ist sowohl der Deutschen wie der Dänischen Sprache mächtig. Er übersetzt und der Bauer gestattet uns bis zum Ende der Woche zu bleiben. Also setzen wir unseren Urlaub an diesem schönen Fleckchen Erde fort. Jetzt müssen wir nur noch an unser Auto dran kommen aber unsere Geschichte hat sich auf der Zeltwiese schon herumgesprochen und einer der Wohnmobilisten nimmt mich mit bis zurück nach Lemvig. Sonst hätten Marco und ich die Strecke auch mit dem Tandem zurück gelegt. Zu Hause dauert es noch mehrere Wochen bis das Knie meiner Frau voll Funktionsfähig ist. Trotz der Panne war es bestimmt nicht unsere letzte Tour.</p>

<p>Wir müssen verrückt sein so jedenfalls dachten wir als wir vor der Abfahrtnach Lemvig, uns noch mal den Wetterbericht im Internett anschauten. Die Aussichten auf gutes Wetter waren schlecht. Warm sollte es nicht werden, dafür aber feucht. Wir hielten noch &hellip; <a href="http://wp.cycling-family.info/?page_id=409">Weiterlesen <span class="meta-nav">&rarr;</span></a></p>
