{"id":2266,"date":"2017-09-06T12:35:03","date_gmt":"2017-09-06T10:35:03","guid":{"rendered":"http:\/\/wp.cycling-family.info\/?page_id=2266"},"modified":"2017-09-06T14:46:32","modified_gmt":"2017-09-06T12:46:32","slug":"nscr-2017-mit-fabio","status":"publish","type":"page","link":"http:\/\/wp.cycling-family.info\/?page_id=2266","title":{"rendered":"NSCR 2017 mit Fabio"},"content":{"rendered":"<p>NSCR 2017<\/p>\n<p>Diese Tour fahren Fabio und ich alleine auf dem<span style=\"color: #ff0000;\"> <a href=\"http:\/\/www.santosbikes.com\/assortiment\/tandem-serie\" target=\"_blank\" rel=\"noopener\"><span style=\"color: #ff0000;\">Santos Tandem<\/span><\/a><\/span>, was ist der Grund? Der Rest der Familie ist mit Hochzeitsvorbereitungen f\u00fcr Timos Hochzeit besch\u00e4ftigt. Au\u00dferdem kann Fabio dann etwas von Papa&#8217;s Power profitieren und wir kommen immer zusammen an. Warum haben wir Diego nicht mitgenommen? Nun unser Hund ist mittlerweile 11 Jahre alt und wenn wir ihn mitnehmen, dann sollte die Tagesetappe nicht l\u00e4nger als 50 km sein. Damit auch der Hund genug Pausen hat und seinen H\u00e4nger mal zum schnuppern verlassen kann.&nbsp; Es war vorhersehbar das wir dieses mal l\u00e4ngere Tagesetappen machen werden.<\/p>\n<p>&nbsp;<\/p>\n<p>Tag 1<\/p>\n<p>57,30 Km, Fahrzeit 2.59h,&nbsp; Durchschnitt19,17km\/h<\/p>\n<p>Wir sind Nachmittags nach einer 4 St\u00fcndigen Bahnfahrt im Emden angekommen. Bahnfahren mit dem Tandem bleibt eine Herausforderung, ganz besonders dann wenn man dann auf ein zweites Tandem im Fahrradabteil trifft ;-). Wir sind dann&nbsp; bei leichtem Regen von Emden Richtung Campen gefahren und haben einen kurzen Stop am Campener Leuchtfeuer gemacht.<\/p>\n<p><img decoding=\"async\" class=\"ngg-singlepic ngg-none aligncenter\" src=\"http:\/\/wp.cycling-family.info\/wp-content\/galleries\/nscr_2017\/NSCR20170001.JPG\" alt=\"NSCR20170001\"\/><\/p>\n<p>Das n\u00e4chste Highlight war dann der Pilsumer Leuchtturm,<\/p>\n<p><img decoding=\"async\" class=\"ngg-singlepic ngg-none aligncenter\" src=\"http:\/\/wp.cycling-family.info\/wp-content\/galleries\/nscr_2017\/NSCR20170002.JPG\" alt=\"NSCR20170002\"\/><\/p>\n<p>heute ist Sightseeing denn es gibt noch eine Touristische Sehensw\u00fcrdigkeit in Greetsiel, das sind die Zwillingswindm\u00fchlen.<\/p>\n<p><img decoding=\"async\" class=\"ngg-singlepic ngg-center\" src=\"http:\/\/wp.cycling-family.info\/wp-content\/galleries\/nscr_2017\/NSCR20170004.JPG\" alt=\"NSCR20170004\"\/><\/p>\n<p>Unsere Tour endet an diesem Tag bei einem Dachgeber in Norden. Wir werden ganz nett zum Abendbrot eingeladen, und Fabio darf sogar seine Lieblingsfreitagsabendsendung sehen.<\/p>\n<p>Tag 2<\/p>\n<p>Tageskm 69,76, Fahrzeit 3,23h,&nbsp; Durchschnitt. 20,63 km\/h<\/p>\n<p>Wir sind froh, das wir heute Nacht ein festes Dach \u00fcber dem Kopf hatten, der Morgen ist sehr regnerisch. Es ist wunderbar, wir sind auch heute wieder zu einem sehr leckeren Fr\u00fchst\u00fcck eingeladen. Eigentlich sollten wir um 8.00 Uhr das Haus verlassen weil die beiden in den Urlaub wollten. Aber dann bekommen wir den Hausschl\u00fcssel und sollen das schlechte Wetter einfach noch einen Moment aussitzen. Als es nach einer Stunde immer noch nicht besser ist, werfen wir wie besprochen den Schl\u00fcssel beim Nachbarn in den Briefkasten und machen uns auf den Weg. Heute ist es sehr, sehr, sehr regnerisch und wir sind sehr dankbar f\u00fcr unsere gute <a href=\"https:\/\/www.vaude.com\/de-DE\/Produkte\/Bekleidung\/Jacken\/Men-s-Escape-Light-Jacket?number=043410105200\" target=\"_blank\" rel=\"noopener\"><span style=\"color: #ff0000;\">Vaude Regenkleidung<\/span><\/a> und die wasserdichten<span style=\"color: #ff0000;\"> <a href=\"https:\/\/www.vaude.com\/de-DE\/Produkte\/Inspirationen\/Testsieger\/Aqua-Back\" target=\"_blank\" rel=\"noopener\"><span style=\"color: #ff0000;\">Vaude Packtaschen<\/span><\/a><\/span>. Wir fahren durch Norddeich (mit Snackpause im Bush\u00e4uschen),<\/p>\n<p><img decoding=\"async\" class=\"ngg-singlepic ngg-center\" src=\"http:\/\/wp.cycling-family.info\/wp-content\/galleries\/nscr_2017\/NSCR20170005.JPG\" alt=\"NSCR20170005\"\/><\/p>\n<p>Ne\u00dfmersiel, Bensersiel, Neuharlingersiel.<\/p>\n<p><img decoding=\"async\" class=\"ngg-singlepic ngg-center aligncenter\" src=\"http:\/\/wp.cycling-family.info\/wp-content\/galleries\/nscr_2017\/NSCR20170006.JPG\" alt=\"NSCR20170006\"\/><\/p>\n<p>Hier g\u00f6nnen wir uns einen Backfisch mit Pommes als Belohnung f\u00fcr die zu ertragende Dauerdusche. Weiter geht es nach Carolienensiel bis nach Altgarmssiel. Hier testen wir das erstemal Warm Showers. Das ist \u00e4hnlich wie Dachgeber nur weltweit. Heute wird im Wohnwagen geschlafen. Nett ist das wir unsere nasse Regenkleidung im Wintergarten trocknen d\u00fcrfen. Nach einer warmen Dusche und nachdem wir es uns im Wohnwagen gem\u00fctlich gemacht haben, wird das Wetter dann richtig unfreundlich. Aber das ist uns ja jetzt egal. Abends d\u00fcrfen wir noch beim F\u00fcttern der Pferde zuschauen. Dann endet der Abend f\u00fcr Fabio und mich mit einem der besten Steaks die wir je bekommen haben. Unsere Gastgeber laden uns zum Essen ein und Stephan erz\u00e4hlt von seinem Beruf. Er ist Besitzer eines E-Bike Gesch\u00e4fts in Wilhelmshaven.&nbsp;<\/p>\n<p>Tag 3<\/p>\n<p>Tages km 80.00, Fahrzeit 3.43h, Durchschnitt 20,71 km\/h<\/p>\n<p>Heute ist super Wetter. Wir starten gegen 9.45 in Altgarmssiel. Dann geht es durch Jever und 13.30 sind wir in Wilhelmshaven.&nbsp; Dort findet gerade ein Triathlon statt so das viele Menschen unterwegs sind und wir stellenweise schieben m\u00fcssen. Mittag machen wir am Bantersee. Danach geht es weiter am Deich lang<\/p>\n<p><img decoding=\"async\" class=\"ngg-singlepic ngg-center aligncenter\" src=\"http:\/\/wp.cycling-family.info\/wp-content\/galleries\/nscr_2017\/NSCR20170007.JPG\" alt=\"NSCR20170007\"\/><\/p>\n<p>bis Dangast dann kommt Varel Hafen. Varel haben wir rechts liegen lassen. Unser Ziel ist es ja, den Nordseek\u00fcstenradweg auf der Festlandseite zu fahren. Das bedeutet das wir dann nicht jeden Schlenker fahren den die Karte uns vorgibt. Wir haben uns den k\u00fcrzesten Weg nach Diekmannshausen gesucht und dort auf dem CP gezeltet.<\/p>\n<p>Tag 4<\/p>\n<p>Tages Km 53km Fahrzeit 2,42h, Durchschnitt 18,23&nbsp; km\/h<\/p>\n<p>Heute haben wir wieder Gl\u00fcck mit dem Wetter. Das ist auch schon unser letzter Tag. Unser Ziel heute ist Bremerhaven. \u00dcber diesen Tag gibt es nicht viel zu berichten. Wir passieren Orte wie Eckwarden, Tossens, Langwarden. Hauptattraktion ist hier f\u00fcr uns das Melkhus.<\/p>\n<p><img decoding=\"async\" class=\"ngg-singlepic ngg-center aligncenter\" src=\"http:\/\/wp.cycling-family.info\/wp-content\/galleries\/nscr_2017\/NSCR20170009.JPG\" alt=\"NSCR20170009\"\/><\/p>\n<p>Dann fahren wir durch Fedderwardersiel und Burhave und kommen dann noch durch Tettens zum Abschlu\u00df \u00e4rgern wir uns noch dar\u00fcber, dass der Radweg in Einswarden durch so doofe&nbsp; rot wei\u00dfe Tore begrenzt ist, das wir da mit dem Tandem nicht durchkommen. Dann erreichen wir die Weserf\u00e4hre in Bremerhaven.<\/p>\n<p><img decoding=\"async\" class=\"ngg-singlepic ngg-center aligncenter\" src=\"http:\/\/wp.cycling-family.info\/wp-content\/galleries\/nscr_2017\/NSCR20170010.JPG\" alt=\"NSCR20170010\"\/><\/p>\n<p>Und an dieser Stelle haben wir 2010 schon einmal die Weser \u00fcberquert. Jetzt haben wir meistens mit der ganzen Cycling Family die NSCR auf der Festlandseite abgeradelt. Nur die 260 Km zwischen Emden und Bremerhaven haben nur Fabio und ich noch zus\u00e4tzlich gefahren. Wenn man es ganz pingelig sieht, dann fehlt uns noch das St\u00fcck zwischen Kristianssand und Grena und auf der d\u00e4nischen Seite noch zwischen Varberg und Hirthals. Aber das ist nat\u00fcrlich ab Skagen abw\u00e4rts doch schon die Ostsee. So gesehen haben wir die Strecke die am dichtesten an der Nordsee lang f\u00fchrt auf jeden Fall gefahren. Und machen da f\u00fcr uns einen Haken dran. Was dann auf der Schottischen, Englischen Seite noch zu fahren ist, werde ich entweder dann alleine oder mit Lydia machen. Aber wir werden sehen, was gesundheitlich in den n\u00e4chsten Jahren noch so drin ist. Wir geh\u00f6ren auf jeden Fall noch nicht zum ganz alten Eisen ;-).<\/p>\n","protected":false},"excerpt":{"rendered":"<p>NSCR 2017 Diese Tour fahren Fabio und ich alleine auf dem Santos Tandem, was ist der Grund? Der Rest der Familie ist mit Hochzeitsvorbereitungen f\u00fcr Timos Hochzeit besch\u00e4ftigt. Au\u00dferdem kann Fabio dann etwas von Papa&#8217;s Power profitieren und wir kommen &hellip; <a href=\"http:\/\/wp.cycling-family.info\/?page_id=2266\">Weiterlesen <span class=\"meta-nav\">&rarr;<\/span><\/a><\/p>\n","protected":false},"author":1,"featured_media":0,"parent":0,"menu_order":0,"comment_status":"closed","ping_status":"closed","template":"","meta":{"ngg_post_thumbnail":0,"jetpack_post_was_ever_published":false,"footnotes":""},"jetpack_shortlink":"https:\/\/wp.me\/P3JTu5-Ay","jetpack_sharing_enabled":true,"_links":{"self":[{"href":"http:\/\/wp.cycling-family.info\/index.php?rest_route=\/wp\/v2\/pages\/2266"}],"collection":[{"href":"http:\/\/wp.cycling-family.info\/index.php?rest_route=\/wp\/v2\/pages"}],"about":[{"href":"http:\/\/wp.cycling-family.info\/index.php?rest_route=\/wp\/v2\/types\/page"}],"author":[{"embeddable":true,"href":"http:\/\/wp.cycling-family.info\/index.php?rest_route=\/wp\/v2\/users\/1"}],"replies":[{"embeddable":true,"href":"http:\/\/wp.cycling-family.info\/index.php?rest_route=%2Fwp%2Fv2%2Fcomments&post=2266"}],"version-history":[{"count":4,"href":"http:\/\/wp.cycling-family.info\/index.php?rest_route=\/wp\/v2\/pages\/2266\/revisions"}],"predecessor-version":[{"id":2297,"href":"http:\/\/wp.cycling-family.info\/index.php?rest_route=\/wp\/v2\/pages\/2266\/revisions\/2297"}],"wp:attachment":[{"href":"http:\/\/wp.cycling-family.info\/index.php?rest_route=%2Fwp%2Fv2%2Fmedia&parent=2266"}],"curies":[{"name":"wp","href":"https:\/\/api.w.org\/{rel}","templated":true}]}}

<p>NSCR 2017</p>
<p>Diese Tour fahren Fabio und ich alleine auf dem<span style="color: #ff0000;"> <a href="http://www.santosbikes.com/assortiment/tandem-serie" target="_blank" rel="noopener"><span style="color: #ff0000;">Santos Tandem</span></a></span>, was ist der Grund? Der Rest der Familie ist mit Hochzeitsvorbereitungen für Timos Hochzeit beschäftigt. Außerdem kann Fabio dann etwas von Papa&#8217;s Power profitieren und wir kommen immer zusammen an. Warum haben wir Diego nicht mitgenommen? Nun unser Hund ist mittlerweile 11 Jahre alt und wenn wir ihn mitnehmen, dann sollte die Tagesetappe nicht länger als 50 km sein. Damit auch der Hund genug Pausen hat und seinen Hänger mal zum schnuppern verlassen kann.&nbsp; Es war vorhersehbar das wir dieses mal längere Tagesetappen machen werden.</p>
<p>&nbsp;</p>
<p>Tag 1</p>
<p>57,30 Km, Fahrzeit 2.59h,&nbsp; Durchschnitt19,17km/h</p>
<p>Wir sind Nachmittags nach einer 4 Stündigen Bahnfahrt im Emden angekommen. Bahnfahren mit dem Tandem bleibt eine Herausforderung, ganz besonders dann wenn man dann auf ein zweites Tandem im Fahrradabteil trifft ;-). Wir sind dann&nbsp; bei leichtem Regen von Emden Richtung Campen gefahren und haben einen kurzen Stop am Campener Leuchtfeuer gemacht.</p>
<p><img decoding="async" class="ngg-singlepic ngg-none aligncenter" src="http://wp.cycling-family.info/wp-content/galleries/nscr_2017/NSCR20170001.JPG" alt="NSCR20170001"/></p>
<p>Das nächste Highlight war dann der Pilsumer Leuchtturm,</p>
<p><img decoding="async" class="ngg-singlepic ngg-none aligncenter" src="http://wp.cycling-family.info/wp-content/galleries/nscr_2017/NSCR20170002.JPG" alt="NSCR20170002"/></p>
<p>heute ist Sightseeing denn es gibt noch eine Touristische Sehenswürdigkeit in Greetsiel, das sind die Zwillingswindmühlen.</p>
<p><img decoding="async" class="ngg-singlepic ngg-center" src="http://wp.cycling-family.info/wp-content/galleries/nscr_2017/NSCR20170004.JPG" alt="NSCR20170004"/></p>
<p>Unsere Tour endet an diesem Tag bei einem Dachgeber in Norden. Wir werden ganz nett zum Abendbrot eingeladen, und Fabio darf sogar seine Lieblingsfreitagsabendsendung sehen.</p>
<p>Tag 2</p>
<p>Tageskm 69,76, Fahrzeit 3,23h,&nbsp; Durchschnitt. 20,63 km/h</p>
<p>Wir sind froh, das wir heute Nacht ein festes Dach über dem Kopf hatten, der Morgen ist sehr regnerisch. Es ist wunderbar, wir sind auch heute wieder zu einem sehr leckeren Frühstück eingeladen. Eigentlich sollten wir um 8.00 Uhr das Haus verlassen weil die beiden in den Urlaub wollten. Aber dann bekommen wir den Hausschlüssel und sollen das schlechte Wetter einfach noch einen Moment aussitzen. Als es nach einer Stunde immer noch nicht besser ist, werfen wir wie besprochen den Schlüssel beim Nachbarn in den Briefkasten und machen uns auf den Weg. Heute ist es sehr, sehr, sehr regnerisch und wir sind sehr dankbar für unsere gute <a href="https://www.vaude.com/de-DE/Produkte/Bekleidung/Jacken/Men-s-Escape-Light-Jacket?number=043410105200" target="_blank" rel="noopener"><span style="color: #ff0000;">Vaude Regenkleidung</span></a> und die wasserdichten<span style="color: #ff0000;"> <a href="https://www.vaude.com/de-DE/Produkte/Inspirationen/Testsieger/Aqua-Back" target="_blank" rel="noopener"><span style="color: #ff0000;">Vaude Packtaschen</span></a></span>. Wir fahren durch Norddeich (mit Snackpause im Bushäuschen),</p>
<p><img decoding="async" class="ngg-singlepic ngg-center" src="http://wp.cycling-family.info/wp-content/galleries/nscr_2017/NSCR20170005.JPG" alt="NSCR20170005"/></p>
<p>Neßmersiel, Bensersiel, Neuharlingersiel.</p>
<p><img decoding="async" class="ngg-singlepic ngg-center aligncenter" src="http://wp.cycling-family.info/wp-content/galleries/nscr_2017/NSCR20170006.JPG" alt="NSCR20170006"/></p>
<p>Hier gönnen wir uns einen Backfisch mit Pommes als Belohnung für die zu ertragende Dauerdusche. Weiter geht es nach Carolienensiel bis nach Altgarmssiel. Hier testen wir das erstemal Warm Showers. Das ist ähnlich wie Dachgeber nur weltweit. Heute wird im Wohnwagen geschlafen. Nett ist das wir unsere nasse Regenkleidung im Wintergarten trocknen dürfen. Nach einer warmen Dusche und nachdem wir es uns im Wohnwagen gemütlich gemacht haben, wird das Wetter dann richtig unfreundlich. Aber das ist uns ja jetzt egal. Abends dürfen wir noch beim Füttern der Pferde zuschauen. Dann endet der Abend für Fabio und mich mit einem der besten Steaks die wir je bekommen haben. Unsere Gastgeber laden uns zum Essen ein und Stephan erzählt von seinem Beruf. Er ist Besitzer eines E-Bike Geschäfts in Wilhelmshaven.&nbsp;</p>
<p>Tag 3</p>
<p>Tages km 80.00, Fahrzeit 3.43h, Durchschnitt 20,71 km/h</p>
<p>Heute ist super Wetter. Wir starten gegen 9.45 in Altgarmssiel. Dann geht es durch Jever und 13.30 sind wir in Wilhelmshaven.&nbsp; Dort findet gerade ein Triathlon statt so das viele Menschen unterwegs sind und wir stellenweise schieben müssen. Mittag machen wir am Bantersee. Danach geht es weiter am Deich lang</p>
<p><img decoding="async" class="ngg-singlepic ngg-center aligncenter" src="http://wp.cycling-family.info/wp-content/galleries/nscr_2017/NSCR20170007.JPG" alt="NSCR20170007"/></p>
<p>bis Dangast dann kommt Varel Hafen. Varel haben wir rechts liegen lassen. Unser Ziel ist es ja, den Nordseeküstenradweg auf der Festlandseite zu fahren. Das bedeutet das wir dann nicht jeden Schlenker fahren den die Karte uns vorgibt. Wir haben uns den kürzesten Weg nach Diekmannshausen gesucht und dort auf dem CP gezeltet.</p>
<p>Tag 4</p>
<p>Tages Km 53km Fahrzeit 2,42h, Durchschnitt 18,23&nbsp; km/h</p>
<p>Heute haben wir wieder Glück mit dem Wetter. Das ist auch schon unser letzter Tag. Unser Ziel heute ist Bremerhaven. Über diesen Tag gibt es nicht viel zu berichten. Wir passieren Orte wie Eckwarden, Tossens, Langwarden. Hauptattraktion ist hier für uns das Melkhus.</p>
<p><img decoding="async" class="ngg-singlepic ngg-center aligncenter" src="http://wp.cycling-family.info/wp-content/galleries/nscr_2017/NSCR20170009.JPG" alt="NSCR20170009"/></p>
<p>Dann fahren wir durch Fedderwardersiel und Burhave und kommen dann noch durch Tettens zum Abschluß ärgern wir uns noch darüber, dass der Radweg in Einswarden durch so doofe&nbsp; rot weiße Tore begrenzt ist, das wir da mit dem Tandem nicht durchkommen. Dann erreichen wir die Weserfähre in Bremerhaven.</p>
<p><img decoding="async" class="ngg-singlepic ngg-center aligncenter" src="http://wp.cycling-family.info/wp-content/galleries/nscr_2017/NSCR20170010.JPG" alt="NSCR20170010"/></p>
<p>Und an dieser Stelle haben wir 2010 schon einmal die Weser überquert. Jetzt haben wir meistens mit der ganzen Cycling Family die NSCR auf der Festlandseite abgeradelt. Nur die 260 Km zwischen Emden und Bremerhaven haben nur Fabio und ich noch zusätzlich gefahren. Wenn man es ganz pingelig sieht, dann fehlt uns noch das Stück zwischen Kristianssand und Grena und auf der dänischen Seite noch zwischen Varberg und Hirthals. Aber das ist natürlich ab Skagen abwärts doch schon die Ostsee. So gesehen haben wir die Strecke die am dichtesten an der Nordsee lang führt auf jeden Fall gefahren. Und machen da für uns einen Haken dran. Was dann auf der Schottischen, Englischen Seite noch zu fahren ist, werde ich entweder dann alleine oder mit Lydia machen. Aber wir werden sehen, was gesundheitlich in den nächsten Jahren noch so drin ist. Wir gehören auf jeden Fall noch nicht zum ganz alten Eisen ;-).</p>

<p>NSCR 2017 Diese Tour fahren Fabio und ich alleine auf dem Santos Tandem, was ist der Grund? Der Rest der Familie ist mit Hochzeitsvorbereitungen für Timos Hochzeit beschäftigt. Außerdem kann Fabio dann etwas von Papa&#8217;s Power profitieren und wir kommen &hellip; <a href="http://wp.cycling-family.info/?page_id=2266">Weiterlesen <span class="meta-nav">&rarr;</span></a></p>
